{"id":250,"date":"2023-12-18T08:59:11","date_gmt":"2023-12-18T08:59:11","guid":{"rendered":"https:\/\/priimahieronta.fi\/?page_id=250"},"modified":"2023-12-18T08:59:11","modified_gmt":"2023-12-18T08:59:11","slug":"rekisteri-ja-tietosuojaseloste","status":"publish","type":"page","link":"https:\/\/priimahieronta.fi\/index.php\/rekisteri-ja-tietosuojaseloste\/","title":{"rendered":"Rekisteri- ja tietosuojaseloste"},"content":{"rendered":"\n<h2 class=\"wp-block-heading\">Rekisteri- ja tietosuojaseloste<\/h2>\n\n\n\n<p>T\u00e4m\u00e4 on Priimahieronnan EU:n yleisen tietosuoja-asetuksen (GDPR) mukainen rekisteri- ja tietosuojaseloste. Laadittu 1.4.2023. Viimeisin muutos 18.12.2023.<\/p>\n\n\n\n<h3 class=\"wp-block-heading\">1. Rekisterinpit\u00e4j\u00e4<\/h3>\n\n\n\n<p>Hierontapalvelu T.Ahonen \/ Toni Ahonen<br>Tmi Mikko Mouhu \/ Mikko Mouhu<\/p>\n\n\n\n<p>Leipurinkatu 13<br>53100 Lappeenranta<br><\/p>\n\n\n\n<h3 class=\"wp-block-heading\">2. Rekisterist\u00e4 vastaava yhteyshenkil\u00f6<\/h3>\n\n\n\n<p>Mikko Mouhu<br>Puh 0407440429<br>mikko@mikkomouhu.com<\/p>\n\n\n\n<h3 class=\"wp-block-heading\">3. Rekisterin nimi<\/h3>\n\n\n\n<p>Yrityksen asiakasrekisteri, markkinointirekisteri, potilasasiakirjarekisteri<\/p>\n\n\n\n<h3 class=\"wp-block-heading\">4. Oikeusperuste ja henkil\u00f6tietojen k\u00e4sittelyn tarkoitus<\/h3>\n\n\n\n<p>EU:n yleisen tietosuoja-asetuksen mukainen oikeusperuste henkil\u00f6tietojen k\u00e4sittelylle on<\/p>\n\n\n\n<ul class=\"wp-block-list\">\n<li>henkil\u00f6n suostumus (dokumentoitu, vapaaehtoinen, yksil\u00f6ity, tietoinen ja yksiselitteinen)<\/li>\n\n\n\n<li>sopimus, jossa rekister\u00f6ity on osapuolena<\/li>\n\n\n\n<li>laki (henkil\u00f6tietolaki 523\/1999)<\/li>\n\n\n\n<li>rekisterinpit\u00e4j\u00e4n oikeutettu etu<\/li>\n<\/ul>\n\n\n\n<p>Henkil\u00f6tietojen k\u00e4sittelyn tarkoitus on yhteydenpito asiakkaisiin, asiakassuhteen yll\u00e4pito, markkinointi, potilasturvallisuus<\/p>\n\n\n\n<p>Tietoja ei k\u00e4ytet\u00e4 automatisoituun p\u00e4\u00e4t\u00f6ksentekoon tai profilointiin.<\/p>\n\n\n\n<h3 class=\"wp-block-heading\">5. Rekisterin tietosis\u00e4lt\u00f6<\/h3>\n\n\n\n<p>Asiakas- ja markkinointirekisteriin tallennettuja tietoja ovat: henkil\u00f6n nimi, yhteystiedot (puhelinnumero, s\u00e4hk\u00f6postiosoite), laskutustiedot, muut asiakassuhteeseen ja tilattuihin palveluihin liittyv\u00e4t tiedot.<\/p>\n\n\n\n<p>Potilasasiakirjarekisteriin tallennettuja tietoja ovat: henkil\u00f6n nimi, yhteystiedot (puhelinnumero, osoite, henkil\u00f6tunnus, s\u00e4hk\u00f6postiosoite), potilaan terveyteen liittyv\u00e4t tiedot ja tiedot, joita tarvitaan hoidon turvalliseen toteuttamiseen.<br>Potilaslain 12\u00a7 mukaisesti potilasasiakirjat s\u00e4ilytet\u00e4\u00e4n 12 vuotta potilaan kuolemasta, tai jos siit\u00e4 ei ole tietoa 120 vuotta syntym\u00e4st\u00e4 tai 12 vuotta hoidon p\u00e4\u00e4ttymisest\u00e4.<\/p>\n\n\n\n<h3 class=\"wp-block-heading\">6. S\u00e4\u00e4nn\u00f6nmukaiset tietol\u00e4hteet<\/h3>\n\n\n\n<p>Rekisteriin tallennettavat tiedot saadaan asiakkaalta mm. www-lomakkeilla l\u00e4hetetyist\u00e4 viesteist\u00e4, s\u00e4hk\u00f6postitse, puhelimitse, sosiaalisen median palvelujen kautta, asiakastapaamisista ja muista tilanteista, joissa asiakas luovuttaa tietojaan.<\/p>\n\n\n\n<h3 class=\"wp-block-heading\">7. Tietojen s\u00e4\u00e4nn\u00f6nmukaiset luovutukset ja tietojen siirto EU:n tai ETA:n ulkopuolelle<\/h3>\n\n\n\n<p>Tietoja ei luovuteta s\u00e4\u00e4nn\u00f6nmukaisesti muille tahoille.<\/p>\n\n\n\n<p>Potilasasiakirjoihin sis\u00e4ltyv\u00e4t tiedot ovat salassapidett\u00e4vi\u00e4. Potilaslain mukaan terveydenhuollon ammattihenkil\u00f6 tai muu samassa terveydenhuollon toimintayksik\u00f6ss\u00e4 ty\u00f6skentelev\u00e4 tai sen teht\u00e4vi\u00e4 suorittava henkil\u00f6 ei saa ilman potilaan kirjallista suostumusta antaa sivulliselle potilasasiakirjoihin sis\u00e4ltyvi\u00e4 tietoja. Jos potilaalla ei ole edellytyksi\u00e4 arvioida annettavan suostumuksen merkityst\u00e4, tietoja saa antaa h\u00e4nen laillisen edustajansa kirjallisella suostumuksella. On huomioitava, ett\u00e4 sivullisia ovat my\u00f6s samassa terveydenhuoltoyksik\u00f6ss\u00e4 kaikki muut kuin potilaan hoitoon tai siihen liittyviin teht\u00e4viin henkil\u00f6kohtaisesti osallistuvat. Hoitoon osallistuvatkin ovat oikeutettuja potilastietoihin vain siin\u00e4 laajuudessa kuin ty\u00f6teht\u00e4v\u00e4t edellytt\u00e4v\u00e4t.<\/p>\n\n\n\n<p>Tietojen luovuttaja vastaa luovutuksen laillisuudesta ja riitt\u00e4v\u00e4st\u00e4 tietosuojasta. Potilasasiakirjatiedot luovutetaan p\u00e4\u00e4s\u00e4\u00e4nt\u00f6isesti kopioina tai lausuntoina. Potilasasiakirjoihin tehd\u00e4\u00e4n merkint\u00e4 niihin sis\u00e4ltyvien tietojen luovuttamisesta (mit\u00e4 tietoja, milloin, kenelle, kuka luovutti) ja luovutuksen peruste. Merkint\u00e4 tehd\u00e4\u00e4n my\u00f6s siit\u00e4, jos potilas on kielt\u00e4nyt tietojensa luovuttamisen tai jos alaik\u00e4inen potilas, joka kykenee p\u00e4\u00e4tt\u00e4m\u00e4\u00e4n hoidostaan, on kielt\u00e4nyt tietojen antamisen.<\/p>\n\n\n\n<h3 class=\"wp-block-heading\">8. Rekisterin suojauksen periaatteet<\/h3>\n\n\n\n<p>Rekisterin k\u00e4sittelyss\u00e4 noudatetaan huolellisuutta ja tietoj\u00e4rjestelmien avulla k\u00e4sitelt\u00e4v\u00e4t tiedot suojataan asianmukaisesti. Kun rekisteritietoja s\u00e4ilytet\u00e4\u00e4n Internet-palvelimilla, niiden laitteiston fyysisest\u00e4 ja digitaalisesta tietoturvasta huolehditaan asiaankuuluvasti. Rekisterinpit\u00e4j\u00e4 huolehtii siit\u00e4, ett\u00e4 tallennettuja tietoja sek\u00e4 palvelimien k\u00e4ytt\u00f6oikeuksia ja muita henkil\u00f6tietojen turvallisuuden kannalta kriittisi\u00e4 tietoja k\u00e4sitell\u00e4\u00e4n luottamuksellisesti ja vain niiden ty\u00f6ntekij\u00f6iden toimesta, joiden ty\u00f6nkuvaan se kuuluu.<\/p>\n\n\n\n<p>Paperiset potilasasiakirjat s\u00e4ilytet\u00e4\u00e4n lukitussa arkistossa.<\/p>\n\n\n\n<h3 class=\"wp-block-heading\">9. Tarkastusoikeus ja oikeus vaatia tiedon korjaamista<\/h3>\n\n\n\n<p>Jokaisella rekisteriss\u00e4 olevalla henkil\u00f6ll\u00e4 on oikeus tarkistaa rekisteriin tallennetut tietonsa ja vaatia mahdollisen virheellisen tiedon korjaamista tai puutteellisen tiedon t\u00e4ydent\u00e4mist\u00e4. Mik\u00e4li henkil\u00f6 haluaa tarkistaa h\u00e4nest\u00e4 tallennetut tiedot tai vaatia niihin oikaisua, pyynt\u00f6 tulee l\u00e4hett\u00e4\u00e4 kirjallisesti rekisterinpit\u00e4j\u00e4lle. Rekisterinpit\u00e4j\u00e4 voi pyyt\u00e4\u00e4 tarvittaessa pyynn\u00f6n esitt\u00e4j\u00e4\u00e4 todistamaan henkil\u00f6llisyytens\u00e4. Rekisterinpit\u00e4j\u00e4 vastaa asiakkaalle EU:n tietosuoja-asetuksessa s\u00e4\u00e4detyss\u00e4 ajassa (p\u00e4\u00e4s\u00e4\u00e4nt\u00f6isesti kuukauden kuluessa).<\/p>\n\n\n\n<p>Henkil\u00f6tietolain mukaan potilaalla on oikeus joustavasti ja ilman tarpeetonta viivytyst\u00e4 saada tarkastaa, mit\u00e4 tietoja h\u00e4nest\u00e4 on merkitty potilasasiakirjoihin. Tarkastusoikeudella tarkoitetaan henkil\u00f6kohtaista potilasasiakirjatietojen oikeellisuuden tarkastamista, ja sen voi suorittaa vain potilas itse. Potilaalla on my\u00f6s oikeus saada halutessaan kopiot potilasasiakirjoista.<br>Alaik\u00e4isen kohdalla tarkastusoikeutta voi k\u00e4ytt\u00e4\u00e4 h\u00e4nen huoltajansa. Jos alaik\u00e4ist\u00e4 on p\u00e4\u00e4dytty hoitamaan potilaslain 7 \u00a7:n mukaisesti yhteisymm\u00e4rryksess\u00e4 h\u00e4nen itsens\u00e4 (ei huoltajien) kanssa, ja h\u00e4n kielt\u00e4\u00e4 tietojensa antamisen huoltajalle tai muulle lailliselle edustajalle, ei heill\u00e4 my\u00f6sk\u00e4\u00e4n ole tarkastusoikeutta potilasasiakirjoihin.<br>Tarkastusoikeus voidaan henkil\u00f6tietolain mukaan ev\u00e4t\u00e4 vain, jos tiedon antamisesta saattaisi aiheutua vakavaa vaaraa rekister\u00f6idyn terveydelle tai hoidolle taikka jonkun muun oikeuksille. Tarkastusoikeuden ev\u00e4\u00e4misest\u00e4 on annettava kirjallinen ratkaisu, jossa on mainittava syyt, joiden vuoksi tarkastusoikeus on ev\u00e4tty. Tarkastusoikeutta pyyt\u00e4nyt voi halutessaan saattaa asian tietosuojavaltuutetun k\u00e4sitelt\u00e4v\u00e4ksi.<\/p>\n\n\n\n<h3 class=\"wp-block-heading\">10. Muut henkil\u00f6tietojen k\u00e4sittelyyn liittyv\u00e4t oikeudet<\/h3>\n\n\n\n<p>Asiakas- ja markkinointirekisteriss\u00e4 olevalla henkil\u00f6ll\u00e4 on oikeus pyyt\u00e4\u00e4 h\u00e4nt\u00e4 koskevien henkil\u00f6tietojen poistamiseen rekisterist\u00e4 (\u201doikeus tulla unohdetuksi\u201d). Niin ik\u00e4\u00e4n rekister\u00f6idyill\u00e4 on muut EU:n yleisen tietosuoja-asetuksen mukaiset oikeudet kuten henkil\u00f6tietojen k\u00e4sittelyn rajoittaminen tietyiss\u00e4 tilanteissa. Pyynn\u00f6t tulee l\u00e4hett\u00e4\u00e4 kirjallisesti rekisterinpit\u00e4j\u00e4lle. Rekisterinpit\u00e4j\u00e4 voi pyyt\u00e4\u00e4 tarvittaessa pyynn\u00f6n esitt\u00e4j\u00e4\u00e4 todistamaan henkil\u00f6llisyytens\u00e4. Rekisterinpit\u00e4j\u00e4 vastaa asiakkaalle EU:n tietosuojaasetuksessa s\u00e4\u00e4detyss\u00e4 ajassa (p\u00e4\u00e4s\u00e4\u00e4nt\u00f6isesti kuukauden kuluessa).<\/p>\n\n\n\n<p>Potilasasiakirjarekisteriss\u00e4 noudatetaan potilaslain 12\u00a7 mukaista s\u00e4ilytyst\u00e4<\/p>\n","protected":false},"excerpt":{"rendered":"<p>Rekisteri- ja tietosuojaseloste T\u00e4m\u00e4 on Priimahieronnan EU:n yleisen tietosuoja-asetuksen (GDPR) mukainen rekisteri- ja tietosuojaseloste. Laadittu 1.4.2023. Viimeisin muutos 18.12.2023. 1. Rekisterinpit\u00e4j\u00e4 Hierontapalvelu T.Ahonen \/ Toni AhonenTmi Mikko Mouhu \/ Mikko Mouhu Leipurinkatu 1353100 Lappeenranta 2. Rekisterist\u00e4 vastaava yhteyshenkil\u00f6 Mikko MouhuPuh 0407440429mikko@mikkomouhu.com 3. Rekisterin nimi Yrityksen asiakasrekisteri, markkinointirekisteri, potilasasiakirjarekisteri 4. Oikeusperuste ja henkil\u00f6tietojen k\u00e4sittelyn tarkoitus EU:n [&hellip;]<\/p>\n","protected":false},"author":1,"featured_media":0,"parent":0,"menu_order":0,"comment_status":"closed","ping_status":"closed","template":"","meta":{"_uag_custom_page_level_css":"","iawp_total_views":36,"footnotes":""},"class_list":["post-250","page","type-page","status-publish","hentry"],"uagb_featured_image_src":{"full":false,"thumbnail":false,"medium":false,"medium_large":false,"large":false,"1536x1536":false,"2048x2048":false},"uagb_author_info":{"display_name":"admin","author_link":"https:\/\/priimahieronta.fi\/index.php\/author\/priima_wp\/"},"uagb_comment_info":0,"uagb_excerpt":"Rekisteri- ja tietosuojaseloste T\u00e4m\u00e4 on Priimahieronnan EU:n yleisen tietosuoja-asetuksen (GDPR) mukainen rekisteri- ja tietosuojaseloste. Laadittu 1.4.2023. Viimeisin muutos 18.12.2023. 1. Rekisterinpit\u00e4j\u00e4 Hierontapalvelu T.Ahonen \/ Toni AhonenTmi Mikko Mouhu \/ Mikko Mouhu Leipurinkatu 1353100 Lappeenranta 2. Rekisterist\u00e4 vastaava yhteyshenkil\u00f6 Mikko MouhuPuh 0407440429mikko@mikkomouhu.com 3. Rekisterin nimi Yrityksen asiakasrekisteri, markkinointirekisteri, potilasasiakirjarekisteri 4. Oikeusperuste ja henkil\u00f6tietojen k\u00e4sittelyn tarkoitus EU:n&hellip;","_links":{"self":[{"href":"https:\/\/priimahieronta.fi\/index.php\/wp-json\/wp\/v2\/pages\/250","targetHints":{"allow":["GET"]}}],"collection":[{"href":"https:\/\/priimahieronta.fi\/index.php\/wp-json\/wp\/v2\/pages"}],"about":[{"href":"https:\/\/priimahieronta.fi\/index.php\/wp-json\/wp\/v2\/types\/page"}],"author":[{"embeddable":true,"href":"https:\/\/priimahieronta.fi\/index.php\/wp-json\/wp\/v2\/users\/1"}],"replies":[{"embeddable":true,"href":"https:\/\/priimahieronta.fi\/index.php\/wp-json\/wp\/v2\/comments?post=250"}],"version-history":[{"count":1,"href":"https:\/\/priimahieronta.fi\/index.php\/wp-json\/wp\/v2\/pages\/250\/revisions"}],"predecessor-version":[{"id":251,"href":"https:\/\/priimahieronta.fi\/index.php\/wp-json\/wp\/v2\/pages\/250\/revisions\/251"}],"wp:attachment":[{"href":"https:\/\/priimahieronta.fi\/index.php\/wp-json\/wp\/v2\/media?parent=250"}],"curies":[{"name":"wp","href":"https:\/\/api.w.org\/{rel}","templated":true}]}}